= j - 5*j. Suppose 3 + 7 = -y + 4*x, 4*x - j = 3*y. Let b(a) = -7*a + 9. What is the remainder when b(y) is divided by 13?
12
Suppose -5*p + 2*c = -117, 4*p + 4*c - c = 112. Calculate the remainder when p is divided by ((-2)/4)/(4/(-72)).
7
Let n(t) = -t**2 - 2*t. Suppose 3*s = -s + p - 6, -2*p - 10 = 3*s. Let x be n(s). Calculate the remainder when 12 is divided by x/(-1) + (-4 - -9).
2
Suppose 0 = 7*t - 2*t - 15. Suppose 17 = 4*p - t. Suppose -63 = 2*v - p*v. Calculate the remainder when 39 is divided by v.
18
Suppose 0 = -b - 4*r - 15, 4*b + b - 5*r = 50. Suppose -4*a + 4*p = -120, 0*a - a + 36 = -3*p. What is the remainder when a is divided by b?
2
Let l(a) = 15*a**2 - 21*a - 21. What is the remainder when 1888 is divided by l(-1)?
13
Let n = -7 + 37. Suppose -3*o + t = 37 - 9, 5*t = -2*o - 13. Calculate the remainder when 33 is divided by ((-18)/5)/(o/n).
9
Let b be (92/(-5))/(20/(-50)). Suppose 6*l - b - 32 = 0. What is the remainder when l is divided by 7?
6
Suppose -4*t + 3*t - 3 = 0, 5*f - 2*t = -24. Calculate the remainder when f/(-9)*(-225)/(-3) is divided by (12 - (-40)/(-10)) + 5.
11
Let q(c) = c**3 - 2*c**2 + c - 2. Let g be q(2). Suppose g = t - 6 + 28. Calculate the remainder when 7 is divided by 6/4*t/(-11).
1
Let x be 1 - (2 - 3) - -3. Let m(y) = -y**3 + 7*y**2 - 2*y - 6. Suppose -w = -14 + 2. What is the remainder when m(x) is divided by w?
10
Let c(v) = -v**2 + v + 34. Let x(w) = 29*w + 8. What is the remainder when c(0) is divided by x(0)?
2
Suppose 222 = 3*p - 5*h + 52, -3*h - 180 = -3*p. Calculate the remainder when 22 is divided by (5/(-2))/5 + p/10.
4
Let p = 10 + -5. Suppose -6 = p*d - 66. Calculate the remainder when 45 is divided by d.
9
Suppose -398 - 157 = -5*q. Suppose -5*l = -3*v - 54, 4*v + 72 = -3*l - 0*l. Calculate the remainder when q is divided by v/9 - -9*30/9.
27
Let g be 60/8 + -3*(-4)/(-24). Suppose m + g*j = 9*j + 5, m + 3*j - 10 = 0. What is the remainder when m is divided by 5?
2
Suppose -z + 0 + 214 = -3*n, -5*n - 1090 = -5*z. What is the remainder when 22 is divided by z/18*1 - (-14)/(-63)?
10
Let q = -57 + 57. Suppose -7 + 5 = u, h + 2*u - 43 = q. Calculate the remainder when h is divided by 16.
15
Suppose 4*n = 4*t - 3*t + 102, -2*n = -4*t - 58. What is the remainder when 35 is divided by n?
10
Let o = 8 - 4. Calculate the remainder when (-555)/(-69) + -1 + (-559)/12857 is divided by o.
3
Suppose 7*h + 6*h - 468 = 0. Calculate the remainder when h is divided by 16.
4
Suppose 2*x + 34 = 4*h, -x = -5*h + x + 41. Suppose -55 = -h*j + 2*j. Calculate the remainder when (1/2)/((-1)/(-106)) is divided by j.
9
Let v(j) = 4*j. Calculate the remainder when 366/10 - (3/5)/(-7 - -8) is divided by v(5).
16
Let v be (-2 - -2)*(0 - -1). Suppose v = -n + 9*n - 656. Calculate the remainder when n is divided by 14.
12
Let i = -344 + 346. Suppose 0 = -q + 1, -n + 3*q + 3 = -0. What is the remainder when n is divided by i?
0
Let j(a) = a**2 - 9*a - 52. What is the remainder when 437 is divided by j(18)?
107
Let g(b) = 2*b**3 - 11*b**2 + 15*b. Calculate the remainder when g(6) is divided by 77.
49
Let p = 1 - -19. Calculate the remainder when p is divided by 4.
0
What is the remainder when 205 is divided by -4*(299/65)/(8/(-10))?
21
Suppose 2*f - 3*u - 48 = 0, 2*f - 6*u - 48 + 0 = 0. Let m = 122 - 4. Calculate the remainder when m is divided by f.
22
Suppose r = -h + 95, -93 = h - 2*h - 3*r. What is the remainder when h is divided by 52?
44
Suppose -l = l + 3*r - 731, 0 = -l + 4*r + 371. Suppose 4*a - l = -115. Calculate the remainder when a is divided by 17.
12
Suppose 0 = -4*x + r + 87, 4*r - 21 = -2*x + 9*r. Let t = -9 - -13. Suppose 210 = 5*f + 5*o, f = -f - t*o + 80. What is the remainder when f is divided by x?
21
Let o be 16/6*(-81)/(-4). Let t = o - 24. Suppose 4*b - 3*b - t = 0. Calculate the remainder when b is divided by 8.
6
Suppose 9*q - 136 = 152. What is the remainder when 114 is divided by q?
18
Suppose 3*w + t - 75 = 0, -4*w + 4*t + 42 + 42 = 0. Suppose 12*c - 10*c - 380 = 0. Suppose -s - c = -3*s. Calculate the remainder when s is divided by w.
23
Suppose 385 = 32*y - 287. What is the remainder when 49 is divided by y?
7
What is the remainder when 243 is divided by ((-20)/(-6))/((-8)/(-84))?
33
Let n(p) = -15*p + 98. What is the remainder when n(-13) is divided by 47?
11
Suppose -18816 = -29*u - 3*u. Calculate the remainder when u is divided by 59.
57
Suppose 3*c - 9 - 9 = 2*q, q - 12 = -2*c. Let p = c + 14. What is the remainder when 32 is divided by p?
12
Let r = 85 + -46. Let s = 57 - 55. Suppose 5 = u - s*w - 7, -w - 41 = -3*u. Calculate the remainder when r is divided by u.
11
Suppose 10*d - 141 - 199 = 0. What is the remainder when d is divided by 4?
2
Suppose -23*b = -17*b - 3642. Suppose 7*p = b - 47. What is the remainder when p is divided by 14?
10
Let a = -300 - -321. What is the remainder when 81 is divided by a?
18
Let w(u) = u**2 + 5. Let h be w(12). Let y = 177 - h. What is the remainder when (-1)/((-54)/53 - -1) is divided by y?
25
Let v(o) = -o. Let d(r) = r + 19. Let b(s) = d(s) + 2*v(s). Calculate the remainder when 3 is divided by b(16).
0
Let v(u) = u**2 + 4*u + 6. Let j be v(-3). Suppose 4*n - 4*d - 348 = -0*n, 348 = 4*n - j*d. Calculate the remainder when n is divided by 22.
21
Let c(b) be the third derivative of b**4/24 + b**3/3 - 2*b**2. Let v(o) = -2*o - 79. Let a be v(-50). What is the remainder when 87 is divided by c(a)?
18
Let b = -22 + 24. Suppose -b*d = -3*d + 59. What is the remainder when d is divided by 31?
28
Suppose 0 = -2*a - 3*u - 25, -a + 5*u = a + 33. Let m = 34 + a. Suppose 0 = 45*k - 51*k + 354. What is the remainder when k is divided by m?
19
Suppose 30*v - 24*v = 2796. Calculate the remainder when v is divided by 59.
53
Let s(a) = a**2 + 6*a + 5. Let z be s(-5). Suppose -o - 3*o + 372 = z. Calculate the remainder when o/3*1 - -1 is divided by 11.
10
Calculate the remainder when (4023/18)/((18/(-4))/(-3)) is divided by 44.
17
Calculate the remainder when ((-168)/(-756))/((-1)/(-9))*236 is divided by 34.
30
Let v(a) = 13*a**2. Let d(p) = p**2 + 17*p - 105. What is the remainder when v(1) is divided by d(-22)?
3
Let n(w) = 37*w + 41*w - 80*w + 31. Calculate the remainder when n(-6) is divided by 16.
11
Let i = 31 - -284. Suppose i = -4*x + 779. Suppose -c = c - x. Calculate the remainder when c is divided by 15.
13
Let m = 165 + -147. Let c be (-3 + 2)*-2 + 213. Suppose 2*u - 2 = 0, 0*g + 5*u - c = -3*g. What is the remainder when g is divided by m?
16
Let z(a) = -a**3 - a**2 - 2*a + 20. Let v be z(0). Let n = 15 + v. What is the remainder when 103 is divided by n?
33
Let d = 14 - 3. What is the remainder when 2/(-1*(-5)/105) is divided by d?
9
Let z(w) = 3*w + 4. Suppose l - 2*l - 2*a - 2 = 0, -l - 4*a = 10. Calculate the remainder when 63 is divided by z(l).
19
Let j(t) = -t**3 + 15*t**2 + 54*t + 18. Suppose -15 = -k + 34. Calculate the remainder when k is divided by j(18).
13
Suppose 0 = -0*u - 5*u + 70. Let f be 2/4 + (6 - (-11)/(-2)). Suppose -q - f = -x + u, -4*q - 10 = x. What is the remainder when x is divided by 4?
2
Let z = -117 + 64. Let x = 274 + -195. Let y = z + x. Calculate the remainder when y is divided by 14.
12
Let t = 69 - 85. Let f(r) = -2*r**2 - 32*r + 18. What is the remainder when f(t) is divided by 5?
3
Let b(q) = q**3 - 12*q**2 - 14*q + 19. Let z be 14/(-21) - 41/(-3). Let n be b(z). Suppose -n*a + 180 = 42. Calculate the remainder when a is divided by 6.
5
Let d = 46 - -53. What is the remainder when d is divided by 33?
0
Let r be (-1)/(-1)*(47 + -17). Let f = -10 + r. Calculate the remainder when 0 + (1 - f/(-2)) is divided by 4.
3
Suppose 25*i - 26*i + 429 = 0. Calculate the remainder when i*-2*(-2)/12 is divided by 36.
35
What is the remainder when 56 is divided by (-19*(-5)/10)/((-3)/(-6))?
18
Let w(d) = -2*d - 27. Let s be w(-10). What is the remainder when 76 is divided by (-2 + 1 + 2)/(s/(-182))?
24
Let j be 3*1 - (-280 + -14). Let n = j - 202. Calculate the remainder when n is divided by 32.
31
Suppose -14*c + 85 = -9*c. Let y(w) = -w**3 + 6*w**2 + 5*w - 5. What is the remainder when y(4) is divided by c?
13
Suppose -h - 18 = -2*h. Suppose -4*d + h = c, d + 5*c = 5*d - 6. Suppose w - 9 = -5*j + 117, 0 = -2*j - d*w + 36